mainder when 384303 is divided by 78?
75
Calculate the remainder when 146108 is divided by 73050.
8
Calculate the remainder when 676726 is divided by 26.
24
What is the remainder when 83505 is divided by 449?
440
What is the remainder when 1259 is divided by 9?
8
Calculate the remainder when 608581 is divided by 233.
218
What is the remainder when 32752 is divided by 195?
187
What is the remainder when 10200 is divided by 5034?
132
Calculate the remainder when 973112 is divided by 313.
308
What is the remainder when 1101996 is divided by 290?
286
Calculate the remainder when 36851 is divided by 65.
61
Calculate the remainder when 3818 is divided by 274.
256
Calculate the remainder when 9070 is divided by 54.
52
Calculate the remainder when 4890 is divided by 2317.
256
What is the remainder when 24032 is divided by 24029?
3
What is the remainder when 31187 is divided by 636?
23
Calculate the remainder when 261592 is divided by 113.
110
Calculate the remainder when 1879568 is divided by 95.
88
Calculate the remainder when 149654 is divided by 12.
2
What is the remainder when 78341 is divided by 78332?
9
Calculate the remainder when 81133 is divided by 4772.
9
What is the remainder when 33042 is divided by 489?
279
What is the remainder when 2613 is divided by 470?
263
What is the remainder when 17116 is divided by 855?
16
What is the remainder when 20866 is divided by 72?
58
What is the remainder when 11862 is divided by 2369?
17
What is the remainder when 1502270 is divided by 222?
218
What is the remainder when 52553 is divided by 14?
11
Calculate the remainder when 37197 is divided by 12387.
36
Calculate the remainder when 107685 is divided by 53825.
35
What is the remainder when 84269 is divided by 12037?
10
What is the remainder when 49919 is divided by 192?
191
What is the remainder when 12895 is divided by 216?
151
What is the remainder when 18804 is divided by 783?
12
Calculate the remainder when 2639 is divided by 209.
131
Calculate the remainder when 2227341 is divided by 3.
0
What is the remainder when 1221 is divided by 292?
53
What is the remainder when 89735 is divided by 44?
19
Calculate the remainder when 332097 is divided by 675.
672
Calculate the remainder when 3411 is divided by 1536.
339
What is the remainder when 7816 is divided by 3831?
154
Calculate the remainder when 720 is divided by 99.
27
Calculate the remainder when 12140 is divided by 6062.
16
Calculate the remainder when 1124135 is divided by 13.
12
What is the remainder when 4350 is divided by 298?
178
Calculate the remainder when 135461 is divided by 107.
106
What is the remainder when 110848 is divided by 50?
48
What is the remainder when 30100 is divided by 173?
171
What is the remainder when 3956 is divided by 495?
491
Calculate the remainder when 2539 is divided by 1085.
369
Calculate the remainder when 2300 is divided by 373.
62
Calculate the remainder when 29401 is divided by 1551.
1483
What is the remainder when 1485 is divided by 246?
9
Calculate the remainder when 1137 is divided by 407.
323
Calculate the remainder when 328 is divided by 5.
3
Calculate the remainder when 296674 is divided by 402.
400
What is the remainder when 65288 is divided by 1721?
1611
What is the remainder when 101189 is divided by 16863?
11
What is the remainder when 1069126 is divided by 1681?
10
What is the remainder when 71450 is divided by 609?
197
Calculate the remainder when 8264 is divided by 417.
341
Calculate the remainder when 37796 is divided by 126.
122
What is the remainder when 4267 is divided by 286?
263
What is the remainder when 276 is divided by 161?
115
Calculate the remainder when 6207 is divided by 32.
31
What is the remainder when 9595 is divided by 799?
7
Calculate the remainder when 259291 is divided by 402.
1
What is the remainder when 2035 is divided by 41?
26
Calculate the remainder when 18017 is divided by 68.
65
What is the remainder when 4522 is divided by 1502?
16
What is the remainder when 1640 is divided by 232?
16
What is the remainder when 1109 is divided by 497?
115
What is the remainder when 1338964 is divided by 25?
14
Calculate the remainder when 54198 is divided by 267.
264
Calculate the remainder when 1522 is divided by 173.
138
Calculate the remainder when 16714 is divided by 122.
0
What is the remainder when 213587 is divided by 153?
152
What is the remainder when 2677 is divided by 368?
101
What is the remainder when 29462 is divided by 127?
125
What is the remainder when 228695 is divided by 11?
5
What is the remainder when 23448 is divided by 6?
0
What is the remainder when 11016 is divided by 76?
72
Calculate the remainder when 249357 is divided by 83114.
15
What is the remainder when 22407 is divided by 2233?
77
Calculate the remainder when 143333 is divided by 4.
1
What is the remainder when 43736 is divided by 14577?
5
What is the remainder when 2567 is divided by 1001?
565
What is the remainder when 2514 is divided by 59?
36
What is the remainder when 141396 is divided by 25?
21
Calculate the remainder when 512637 is divided by 178.
175
Calculate the remainder when 5122 is divided by 39.
13
Calculate the remainder when 23532 is divided by 734.
44
Calculate the remainder when 974806 is divided by 97.
53
Calculate the remainder when 2650 is divided by 95.
85
What is the remainder when 2116 is divided by 363?
301
What is the remainder when 3926 is divided by 540?
146
Calculate the remainder when 3407 is divided by 2791.
616
Calculate the remainder when 844193 is divided by 78.
77
What is the remainder when 60189 is divided by 2145?
129
Calculate the remainder when 14221 is divided by 5.
1
Calculate the remainder when 710077 is divided by 71.
6
Calculate the remainder when 488 is divided by 436.
52
Calculate the remainder when 1021977 is divided by 15.
12
What is the remainder when 6475 is divided by 3235?
5
What is the remainder when 2008 is divided by 654?
46
What is the remainder when 109515 is divided by 19?
18
Calculate the remainder when 9442 is divided by 1867.
107
Calculate the remainder when 37490 is divided by 16.
2
Calculate the remainder when 2509 is divided by 228.
1
Calculate the remainder when 90718 is divided by 168.
166
What is the remainder when 14853 is divided by 369?
93
Calculate the remainder when 316111 is divided by 35.
26
Calculate the remainder when 42401 is divided by 111.
110
What is the remainder when 204103 is divided by 51019?
27
What is the remainder when 2836 is divided by 611?
392
Calculate the remainder when 5746 is divided by 1979.
1788
What is the remainder when 14614 is divided by 20?
14
What is the remainder when 13426 is divided by 1477?
133
What is the remainder when 6416 is divided by 4?
0
What is the remainder when 4838 is divided by 110?
108
What is the remainder when 153541 is divided by 117?
37
What is the remainder when 9832 is divided by 4889?
54
Calculate the remainder when 921011 is divided by 164.
151
Calculate the remainder when 3684 is divided by 882.
156
Calculate the remainder when 56249 is divided by 780.
89
Calculate the remainder when 24996 is divided by 125.
121
What is the remainder when 1649 is divided by 1133?
516
Calculate the remainder when 3338 is divided by 285.
203
What is the remainder when 116001 is divided by 115968?
33
Calculate the remainder when 76983 is divided by 579.
555
What is the remainder when 54361 is divided by 1698?
25
What is the remainder when 9941 is divided by 203?
197
What is the remainder when 482492 is divided by 34?
32
What is the remainder when 879 is divided by 767?
112
Calculate the remainder when 12323 is divided by 28.
3
Calculate the remainder when 7586 is divided by 948.
2
What is the remainder when 17405 is divided by 37?
15
What is the remainder when 1955 is divided by 598?
161
What is the remainder when 8695 is divided by 136?
127
What is the remainder when 4499 is divided by 106?
47
Calculate the remainder when 2139 is divided by 2130.
9
What is the remainder when 17268 is divided by 9?
6
Calculate the remainder when 6977 is divided by 1013.
899
What is the remainder when 29240 is divided by 450?
440
Calculate the remainder when 2618 is divided by 538.
466
What is the remainder when 41637 is divided by 1343?
4
What is the remainde